*o = 3*g - 20, 1 + 3 = 3*g - 2*o. Let b(l) = -l**3 + 6*l**2 - 6*l. What is the units digit of b(g)?
8
Let f = 10 - -23. What is the tens digit of f?
3
Suppose v - p = -1, 2*v - 3*p + 8*p = 19. Suppose -5*h + 53 + v = 0. What is the tens digit of h?
1
Suppose -w + 27 + 53 = 0. What is the tens digit of w?
8
Let o = 4 + -4. Suppose o = -5*z - 2*q + 72, 30 = 3*z + 2*q - 14. What is the units digit of z?
4
Let m(r) = -21*r - 11. What is the tens digit of m(-4)?
7
Let u(b) = 2*b**2 + 3*b + 2. Let n be u(-3). Suppose h = n - 6. Suppose h*i - 47 + 12 = 0. What is the units digit of i?
7
Let g(t) be the first derivative of t**7/840 + t**5/120 - t**4/24 - 2*t**3/3 + 2. Let q(z) be the third derivative of g(z). What is the units digit of q(1)?
1
Suppose 6 = m - 1. Let a be ((-2)/2 - 0)*2. Let g = m + a. What is the units digit of g?
5
Suppose 131 - 699 = -8*u. What is the tens digit of u?
7
Suppose d + 4*n = -13, 0*d + n = 4*d - 16. Suppose -d*h - 2*h - 4*w + 25 = 0, 0 = -3*w. Suppose 3 = h*l - 2. What is the units digit of l?
1
Let k = 22 - 12. Suppose 5*v = k, -14 = -0*y - 4*y - 3*v. Suppose -y = -4*c + 62. What is the tens digit of c?
1
Let o(y) = -2 + 0 + 2 + 9*y**2 - 1. Let n be o(1). What is the tens digit of 75/10*n/6?
1
Suppose 0 = 5*w + f - 6*f - 25, 5*f + 22 = 4*w. Suppose -2*h = 3 + w, -h = -4*o - 49. Let v = 30 + o. What is the tens digit of v?
1
Let k = 3 - 1. Suppose 3*z = -k*u + 1, 4*u - 2*z + 5*z - 5 = 0. Suppose 2*m - 4*i - 8 = 0, 0*m - 3*i = u*m - 36. What is the units digit of m?
2
Suppose -p - 5*y + 32 = -3*y, -5*p + 4*y = -216. What is the tens digit of p?
4
Suppose -41 + 9 = -2*z. Let a = z + -1. What is the tens digit of a?
1
Suppose 0 + 3 = -3*b. Let h be (3 - 4)/(b/(-16)). Let x = 0 - h. What is the tens digit of x?
1
Let u = -39 - -64. Suppose 13 = 3*z - d - 2, -4*z + 3*d = -u. What is the units digit of (20/(-8))/((-2)/z)?
5
Let a(r) = r - 5. Let l be a(6). Let c = 0 - l. Let k = 12 - c. What is the tens digit of k?
1
Let v(a) = -a + 4. Let d be v(-3). What is the tens digit of -2*((-210)/4)/d?
1
Let w(j) = j**3 + 10*j**2 + 7*j - 13. Let c be w(-9). Suppose -46 = -3*m + 4*o, 120 = c*m + 4*o - 2*o. What is the units digit of m?
2
What is the units digit of (-58)/(-3) - 3/9?
9
Let a be 5/(-2)*(-8)/10. Let z be (-2)/8 + a/8. Suppose -h = -z*h - 5. What is the units digit of h?
5
Let p(v) = -8*v**3 + 2*v**2. Let w(n) = -8*n**3 + 3*n**2 - n - 1. Let b(r) = 3*p(r) - 2*w(r). What is the units digit of b(-1)?
8
Let k(a) = 34*a**3 - 2*a**2 + 1. What is the units digit of k(1)?
3
Suppose 2*t - 5 + 7 = 0. Let f(x) be the third derivative of 7*x**5/60 - 2*x**2. What is the units digit of f(t)?
7
Suppose -2*c - 5*n = 2*c, -3*c = 3*n - 3. Let t = -16 - -22. Let y = t - c. What is the units digit of y?
1
Let d be 73/5 - 6/(-15). Suppose 2*s - d - 21 = 0. What is the tens digit of s?
1
Let h = -4 + 6. Suppose 0*z - w + 16 = 4*z, 3*w + 22 = h*z. Suppose -3*c + m - 4*m + 24 = 0, 0 = -z*c + 3*m + 16. What is the units digit of c?
5
Let g(y) be the second derivative of 10*y**3/3 + y**2/2 + y. Let n be g(-1). Let v = 28 + n. What is the units digit of v?
9
Let g be 0/(-2) + 20 + 1. Let d = 14 - g. Let p(n) = -n - 4. What is the units digit of p(d)?
3
Let w = 37 - 16. Suppose -3*q + w = -3*c, 4*c = -0*c. What is the units digit of q?
7
Suppose 0 = -o + 2*g + 6, -30 = -6*o + o - g. What is the units digit of o?
6
Let s(u) = -u + 9. Let z be s(7). Suppose 4*p = -3*a + 33, z*p = -3*p + 15. What is the units digit of a?
7
Let s = 42 - 19. Let b = 35 - s. What is the units digit of b?
2
Let l(i) = 4*i - 4. Let p be l(3). Suppose 51 = 2*y + t, y = t + 22 + p. What is the units digit of y?
7
Let o = -42 + 59. Let v = 4 - 2. Suppose g + 0*g - o = v*x, 5*g = -5*x + 10. What is the units digit of g?
7
Let w = -9 - -12. Let j = 2 + w. What is the units digit of j?
5
Suppose p + 4 = 0, 2*p = 2*t + 4*p - 46. Suppose t = -3*h + 81. What is the tens digit of h?
1
Suppose 15*x - 20*x + 10 = 0. Suppose -f + x*f = 12. What is the tens digit of f?
1
Suppose 0 = -0*i + 5*i - 280. What is the tens digit of i?
5
Let v(c) = 2*c - 6. Let t be v(5). What is the units digit of 6/t - (-76)/8?
1
What is the tens digit of 122 - 12 - (-1 + -2)?
1
What is the units digit of (-2)/(-18)*-2 + (-11744)/(-36)?
6
Suppose -k = 2*k - 24. What is the tens digit of (-81)/(-4) + (-2)/k?
2
Let s be 1/((-14)/(-5) + -3). What is the units digit of 41 - -1 - s/5?
3
Let a = -177 + 193. What is the units digit of a?
6
Let a be 1/6 + 111/(-18). Let b(t) = -5*t. Let o be b(a). What is the units digit of 12/o - 8/(-5)?
2
Let z = 54 + 23. What is the tens digit of z?
7
Let h(a) = 28*a - 37. What is the hundreds digit of h(9)?
2
What is the tens digit of 0 + (-356)/(-10) + (-24)/(-60)?
3
Suppose 5*k - 74 = 1071. What is the hundreds digit of k?
2
Suppose -2*r + 47 = -c, 15 = 3*c + 2*c. Suppose 0 = 5*l - 3*a - r, 6*a + 25 = a. What is the units digit of l?
2
Let o(c) = -c + 2. Let y be 16/(-9) - 6/27. Let i be o(y). Suppose 0 = 2*x + v - 7, x - i*x + 5*v = -17. What is the units digit of x?
4
Suppose 2*z - z + 15 = 4*w, 0 = -4*w - 3*z + 19. What is the units digit of w/14 - (-610)/70?
9
What is the units digit of (-17)/2*-8 - (-2 - -3)?
7
Suppose 70 = 8*x - 3*x. What is the tens digit of x?
1
Suppose 111 + 17 = 4*n. What is the tens digit of n?
3
Let y(k) = 3*k**3 - 7*k**2 + 2*k + 8. Let x(m) = 8*m**3 - 21*m**2 + 5*m + 24. Let r(f) = 4*x(f) - 11*y(f). What is the tens digit of r(-7)?
2
Let l(x) = 8*x + 1. Let d be l(3). Suppose -4*t + 3*s = -37, 0*s + s = -4*t + d. What is the units digit of t?
7
Let o be (6/(-1))/(-1) + -2. Suppose o*r = -r - 75. Let f = -6 - r. What is the units digit of f?
9
Let d = 18 + -7. What is the units digit of d?
1
Let z be 1*-2 + 6 - 2. Let v = -4 + 6. Suppose g = -v*t + 8, -t - 2*g - z*g = -18. What is the units digit of t?
2
Let d(u) = u**2 + 12*u - 32. What is the tens digit of d(-17)?
5
Let t = -288 - -522. Suppose -4*y - y = -3*f - t, y - 4*f - 40 = 0. Suppose y = 2*h + 2*h. What is the tens digit of h?
1
Let l(n) = -3*n**3 + n + 1. Let h be l(-1). Suppose -7 + h = -t - 2*x, -4*x = -4. Let y(o) = o**3 + o**2 - 2*o. What is the units digit of y(t)?
8
Let c(s) = -s**2 + 12*s + 1. Let j be c(7). Suppose -6 + j = 5*d. What is the units digit of d?
6
Suppose 144 = m + 5*m. Suppose 2*u - 4*k = 20, 0 = -3*u - 0*u + 3*k + 21. Suppose -n - m = -u*n. What is the units digit of n?
8
Suppose g - 2*c = -0*c + 9, 0 = 3*g + 5*c + 6. Suppose -10 = -d - 5*n, 2*d + 25 = g*n + 2*n. Let f = d - -14. What is the units digit of f?
9
Let m(x) = -2*x**3 + 2*x**2 - 2. Let r be m(2). Let b be (r - -5) + (0 - -1). What is the units digit of b/10 + (-54)/(-10)?
5
Let y = -122 - -229. What is the hundreds digit of y?
1
What is the tens digit of 3 + 161/1 + 0?
6
Suppose -3*d + 4*d - 32 = 4*b, -5*b = -3*d + 82. Suppose -d*w = -20*w - 168. What is the tens digit of w?
4
Suppose -3*y + 7*y = 512. What is the units digit of y?
8
Suppose -z + 4*g = -40, 3*z + g - 40 = -3*g. What is the units digit of z?
0
Let v(n) = n**3 - n**2 + 30. What is the tens digit of v(0)?
3
Let p(l) = -l**2 - 11*l. Let n be p(-9). Suppose y - n = -5*s + 3*s, -4*y + 5*s = -98. What is the units digit of y?
2
Suppose 3*v + 0*v - 27 = -3*i, 5*i + v - 45 = 0. Let l = i - 7. What is the units digit of l?
2
Suppose 8 = -x - 4*f, -5*x - 5*f + 2*f = -45. Suppose c = 5*g + x, 2*g = -c + g. Suppose n + 13 = c*n. What is the tens digit of n?
1
Let z be (-3)/(-2) + 5/2. Suppose 20 = 3*h - z. Suppose u + h = -3*u, -5*q + 5*u + 60 = 0. What is the units digit of q?
0
Let l = 40 + -26. What is the tens digit of l?
1
Let n = -4 - -6. Let j = n - -3. Suppose -3 = -j*v + 2. What is the units digit of v?
1
Suppose -k + 32 = -2*n - 15, -2*k - 4*n + 78 = 0. Suppose -2 = -5*d + k. Suppose d*u - 13 = 3*r + 4*u, 3*r - 4*u + 8 = 0. What is the units digit of r?
4
Let r(d) = d**2 + 6*d + 3. Let m be r(-6). Let q(c) = 2*c - 13. Let w be q(3). What is the units digit of (-6)/((m + w)/2)?
3
Let k be 16/(-10)*5/(-2). Suppose -k*z + 3 + 9 = 0. Suppose -3*h + t = -1 - 2, -4*t = 3*h - z. What is the units digit of h?
1
Suppose -s = -3*u + 304, -3*u + 5*s - 380 = -7*u. Suppose 0 = -p + o + 16 + 15, -4*p = 2*o - u. Let t = -19 + p. What is the units digit